449932?
2, 7, 16069
List the prime factors of 1531169.
281, 5449
What are the prime factors of 1638933?
3, 659, 829
List the prime factors of 24055186.
2, 12027593
What are the prime factors of 1397205?
3, 5, 61, 509
What are the prime factors of 7357155?
3, 5, 13, 29, 1301
List the prime factors of 124964.
2, 7, 4463
List the prime factors of 425492.
2, 106373
What are the prime factors of 26302834?
2, 61, 167, 1291
What are the prime factors of 717403?
101, 7103
What are the prime factors of 1124635?
5, 17, 101, 131
What are the prime factors of 1864126?
2, 11, 7703
What are the prime factors of 6757324?
2, 7, 241333
List the prime factors of 4260532.
2, 1065133
What are the prime factors of 2265483?
3, 11, 79
What are the prime factors of 2556465?
3, 5, 131, 1301
What are the prime factors of 288437?
211, 1367
What are the prime factors of 353879?
353879
What are the prime factors of 238297?
31, 7687
List the prime factors of 3062268.
2, 3, 11, 19, 37
What are the prime factors of 715885?
5, 143177
List the prime factors of 2248148.
2, 7, 17, 4723
What are the prime factors of 622824?
2, 3, 25951
List the prime factors of 719474.
2, 7, 17, 3023
List the prime factors of 69795.
3, 5, 11, 47
What are the prime factors of 182163?
3, 41, 1481
List the prime factors of 530069.
31, 17099
List the prime factors of 3151128.
2, 3, 131297
List the prime factors of 8741568.
2, 3, 11, 4139
What are the prime factors of 20391743?
1213, 16811
What are the prime factors of 6314331?
3, 131, 16067
List the prime factors of 5281693.
5281693
What are the prime factors of 240332?
2, 60083
What are the prime factors of 279108?
2, 3, 7753
List the prime factors of 1240176.
2, 3, 7, 3691
List the prime factors of 138065.
5, 53, 521
What are the prime factors of 40498412?
2, 10124603
List the prime factors of 1022430.
2, 3, 5, 173, 197
List the prime factors of 9535217.
9535217
List the prime factors of 294872.
2, 29, 31, 41
What are the prime factors of 847690?
2, 5, 103, 823
What are the prime factors of 696995?
5, 13, 10723
What are the prime factors of 344343?
3, 114781
What are the prime factors of 136329?
3, 29, 1567
What are the prime factors of 190948?
2, 47737
List the prime factors of 2918984.
2, 364873
List the prime factors of 5137642.
2, 503, 5107
What are the prime factors of 422927?
422927
What are the prime factors of 2684571?
3, 449, 1993
What are the prime factors of 2421107?
13, 186239
What are the prime factors of 8666060?
2, 5, 13, 33331
What are the prime factors of 115023?
3, 23, 1667
What are the prime factors of 5283050?
2, 5, 157, 673
What are the prime factors of 206838?
2, 3, 11491
What are the prime factors of 19485446?
2, 751, 12973
What are the prime factors of 81354?
2, 3, 7, 13, 149
What are the prime factors of 206064?
2, 3, 53
What are the prime factors of 2938044?
2, 3, 244837
List the prime factors of 993572.
2, 139, 1787
What are the prime factors of 2374160?
2, 5, 59, 503
List the prime factors of 691727.
691727
List the prime factors of 306466.
2, 31, 4943
What are the prime factors of 875378?
2, 7, 31, 2017
What are the prime factors of 118227?
3, 39409
What are the prime factors of 3192359?
937, 3407
What are the prime factors of 902954?
2, 13, 34729
What are the prime factors of 2715575?
5, 19, 5717
What are the prime factors of 565348?
2, 7, 61, 331
List the prime factors of 8736498.
2, 3, 199, 271
List the prime factors of 3467750.
2, 5, 11, 13, 97
What are the prime factors of 171930?
2, 3, 5, 11, 521
List the prime factors of 1339156.
2, 7, 13, 283
What are the prime factors of 169347?
3, 19, 2971
What are the prime factors of 311085?
3, 5, 31, 223
List the prime factors of 1277498.
2, 181, 3529
List the prime factors of 315442.
2, 157721
What are the prime factors of 24398450?
2, 5, 197, 2477
List the prime factors of 112538.
2, 56269
List the prime factors of 634521.
3, 211507
List the prime factors of 868053.
3, 19, 97, 157
List the prime factors of 9896533.
17, 31, 89, 211
List the prime factors of 68457.
3, 19, 1201
List the prime factors of 115495.
5, 23099
List the prime factors of 4320036.
2, 3, 7, 31, 79
What are the prime factors of 1431296?
2, 5591
What are the prime factors of 300256?
2, 11, 853
What are the prime factors of 13725163?
19, 722377
List the prime factors of 3971483.
3971483
What are the prime factors of 1660528?
2, 67, 1549
List the prime factors of 477246.
2, 3, 7, 11, 1033
What are the prime factors of 12664375?
5, 23, 881
What are the prime factors of 1520138?
2, 163, 4663
List the prime factors of 15228929.
15228929
List the prime factors of 754876.
2, 188719
What are the prime factors of 918232?
2, 7, 19, 863
List the prime factors of 692824.
2, 11, 7873
What are the prime factors of 14943352?
2, 29, 41, 1571
What are the prime factors of 2519789?
251, 10039
What are the prime factors of 529898?
2, 264949
List the prime factors of 352632.
2, 3, 7, 2099
What are the prime factors of 15183210?
2, 3, 5, 7, 17, 4253
List the prime factors of 9310120.
2, 5, 232753
List the prime factors of 9634637.
9634637
What are the prime factors of 3227480?
2, 5, 80687
List the prime factors of 5570543.
11, 17, 29789
What are the prime factors of 211351?
7, 109, 277
What are the prime factors of 624625?
5, 19, 263
What are the prime factors of 742885?
5, 11, 13, 1039
What are the prime factors of 3733459?
3733459
List the prime factors of 3852331.
7, 29, 2711
What are the prime factors of 15263715?
3, 5, 29, 35089
What are the prime factors of 239235?
3, 5, 41, 389
What are the prime factors of 829257?
3, 11, 13, 1933
List the prime factors of 1157261.
7, 31, 5333
What are the prime factors of 884656?
2, 55291
What are the prime factors of 651744?
2, 3, 31, 73
List the prime factors of 1882176.
2, 3, 9803
What are the prime factors of 36120?
2, 3, 5, 7, 43
What are the prime factors of 300723?
3, 59, 1699
What are the prime factors of 257980?
2, 5, 12899
What are the prime factors of 14141437?
37, 229, 1669
List the prime factors of 625144.
2, 13, 6011
List the prime factors of 842725.
5, 13, 2593
List the prime factors of 291665.
5, 11, 5303
List the prime factors of 97171.
97171
What are the prime factors of 27709005?
3, 5, 1847267
What are the prime factors of 564719?
23, 43, 571
List the prime factors of 9445814.
2, 7, 674701
List the prime factors of 465275.
5, 37, 503
What are the prime factors of 5903291?
73, 193, 419
List the prime factors of 235002.
2, 3, 53, 739
List the prime factors of 1095360.
2, 3, 5, 7, 163
List the prime factors of 185411.
31, 5981
What are the prime factors of 68299?
7, 11, 887
What are the prime factors of 334360?
2, 5, 13, 643
List the prime factors of 1195560.
2, 3, 5, 41
List the prime factors of 5891792.
2, 17, 21661
What are the prime factors of 2998987?
17, 67, 2633
What are the prime factors of 21930178?
2, 23, 476743
What are the prime factors of 436?
2, 109
What are the prime factors of 201660?
2, 3, 5, 3361
What are the prime factors of 1159897?
73, 15889
What are the prime factors of 8806552?
2, 1009, 1091
What are the prime factors of 37716?
2, 3, 7, 449
What are the prime factors of 2393174?
2, 7, 199, 859
What are the prime factors of 4131657?
3, 83, 5531
List the prime factors of 6410045.
5, 1282009
List the prime factors of 1379249.
37, 37277
What are the prime factors of 15015544?
2, 971, 1933
What are the prime factors of 4724773?
67, 97, 727
What are the prime factors of 4587229?
17, 151, 1787
List the prime factors of 14225311.
17, 31, 26993
List the prime factors of 12908928.
2, 3, 33617
List the prime factors of 840165.
3, 5, 79, 709
What are the prime factors of 1941111?
3, 17, 4229
What are the prime factors of 1271829?
3, 13, 32611
What are the prime factors of 4382983?
11, 37, 89
List the prime factors of 141300.
2, 3, 5, 157
What are the prime factors of 6082065?
3, 5, 11, 1117
List the prime factors of 738779.
37, 41, 487
What are the prime factors of 336111?
3, 199, 563
List the prime factors of 10504600.
2, 5, 53, 991
What are the prime factors of 4627995?
3, 5, 17, 18149
List the prime factors of 334432.
2, 7, 1493
What are the prime factors of 334515?
3, 5, 29, 769
List the prime factors of 334304.
2, 31, 337
List the prime factors of